Select a Year or Month report
2017: Jan Feb Mar Apr May Jun Jul Aug Sep Oct Nov Dec
2016: Jan Feb Mar Apr May Jun Jul Aug Sep Oct Nov Dec

Report for 2017 December
                   Monthly Climatological Summary for Dec 2017

Name: Liberty Weather   City: Youngstown   State: Ohio
Elevation: 1090 ft  Lat: N 41 08 38   Lon: W 080 39 11

                  Temperature (°F), Rain (in), Wind Speed (mph)

                                      Heat  Cool        Avg
    Mean                              Deg   Deg         Wind                 Dom
Day Temp  High   Time   Low    Time   Days  Days  Rain  Speed High   Time    Dir
----------------------------------------------------------------------------------
01  38.4  49.5   14:06  31.0   07:42  26.6   0.0  0.00   0.5   8.0   10:06     W
02  34.6  47.2   15:49  26.5   07:04  30.4   0.0  0.00   0.0   5.0   13:37     S
03  38.7  54.4   14:05  28.0   06:46  26.3   0.0  0.00  ----  10.0   15:13     W
04  43.8  53.6   14:00  29.8   02:19  21.2   0.0  0.00  ----  13.0   22:47   SSE
05  46.0  53.5   01:20  30.5   23:52  19.0   0.0  0.13  ----  18.0   18:22   SSW
06  33.7  40.9   14:05  27.5   05:19  31.3   0.0  0.00  ----  26.0   14:23    SW
07  29.6  35.7   14:25  23.8   23:34  35.4   0.0  0.00  ----  18.0   17:42    SW
08  24.7  30.3   14:52  20.0   07:38  40.3   0.0  0.00  ----  17.0   12:30   SSW
09  26.2  33.7   12:50  18.7   06:59  38.8   0.0  0.00  ----  11.0   10:29   SSW
10  28.6  30.9   14:15  26.5   08:16  36.4   0.0  0.00  ----  20.0   12:45    SW
----------------------------------------------------------------------------------
    34.4  54.4     3    18.7     9   305.7   0.0  0.13   0.5  26.0     6       W

Max >=  27.0 10
Max <=   0.0  0
Min <=   0.0  0
Min <= -18.0  0
Max Rain: 0.13 on day 5
Days of Rain: 0 (>= 0.20 in)  0 (>= 2.00 in)  0 (>= 20.00 in)
Heat Base: 65.0  Cool Base: 65.0  Method: Integration

The weather station in use is the Davis Vantage Pro 2, and these pages are updated every minute. The meteorological day used at this station ends at midnight.
Never base any important decisions using the data provided by this weather station website