Select a Year or Month report
2018: Jan Feb Mar Apr May Jun Jul Aug Sep Oct Nov Dec
2017: Jan Feb Mar Apr May Jun Jul Aug Sep Oct Nov Dec
2016: Jan Feb Mar Apr May Jun Jul Aug Sep Oct Nov Dec

Report for 2018 February
                   Monthly Climatological Summary for Feb 2018

Name: Liberty Weather   City: Youngstown   State: Ohio
Elevation: 1090 ft  Lat: N 41 08 38   Lon: W 080 39 11

                  Temperature (°F), Rain (in), Wind Speed (mph)

                                      Heat  Cool        Avg
    Mean                              Deg   Deg         Wind                 Dom
Day Temp  High   Time   Low    Time   Days  Days  Rain  Speed High   Time    Dir
----------------------------------------------------------------------------------
01  38.2  45.5   12:45  20.6   23:57  26.8   0.0  0.01   4.4  22.0   20:45   WSW
02  15.2  20.6   00:00  12.1   08:02  49.8   0.0  0.00   4.2  21.0   11:53   WNW
03  22.1  31.0   23:18  12.8   04:05  42.9   0.0  0.00   3.8  16.0   12:09   SSW
04  32.5  35.4   04:47  20.3   23:56  32.5   0.0  0.08   3.5  26.0   23:02    SW
05  17.3  20.8   23:29  10.6   07:41  47.7   0.0  0.00   3.4  18.0   01:57     W
06  22.8  25.8   15:13  19.4   02:00  42.2   0.0  0.01   1.2  12.0   13:18   WSW
07  22.2  26.7   13:41  17.6   20:57  42.8   0.0  0.00   2.5  17.0   12:50    NW
08  19.1  25.1   15:28  12.1   23:41  45.9   0.0  0.00   1.8  14.0   16:30    SW
09  26.5  41.6   16:13  10.4   00:48  38.5   0.0  0.14   1.5  13.0   16:25     S
10  35.3  44.2   12:31  29.3   23:45  29.7   0.0  0.25   0.7  11.0   18:08   NNW
11  35.2  49.3   14:34  28.2   23:57  29.8   0.0  0.12   2.2  17.0   17:56     W
12  27.0  34.3   13:50  18.0   23:57  38.0   0.0  0.00   2.7  13.0   00:30    NW
13  28.5  40.8   15:52  13.1   07:27  36.5   0.0  0.00   1.4  12.0   23:19   SSE
14  41.7  46.1   12:54  37.6   03:56  23.3   0.0  0.22   2.3  14.0   12:41   SSW
15  54.5  61.8   14:40  44.3   00:00  10.5   0.0  0.55   2.3  15.0   13:59    SW
16  36.3  50.9   00:00  27.0   23:52  28.7   0.0  0.21   2.7  21.0   11:56    NW
17  29.1  31.7   15:01  26.9   00:29  35.9   0.0  0.00   0.9   9.0   13:06   SSE
18  34.7  41.6   16:23  31.0   04:05  30.3   0.0  0.09   1.5  11.0   15:26   SSW
19  46.1  63.3   23:12  32.9   04:05  18.9   0.0  0.66   2.1  16.0   22:11   SSE
20  66.0  69.7   13:14  60.6   04:49   1.3   2.3  0.00   4.8  21.0   11:30   SSW
21  50.4  67.3   08:10  34.1   23:22  14.9   0.3  0.06   3.6  21.0   07:24   WNW
22  38.8  45.9   15:41  34.0   01:59  26.2   0.0  0.34   2.2  12.0   13:29   ENE
----------------------------------------------------------------------------------
    33.6  69.7    20    10.4     9   693.1   2.6  2.74   2.5  26.0     4     WSW

Max >=  27.0 17
Max <=   0.0  0
Min <=   0.0  0
Min <= -18.0  0
Max Rain: 0.66 on day 19
Days of Rain: 6 (>= 0.20 in)  0 (>= 2.00 in)  0 (>= 20.00 in)
Heat Base: 65.0  Cool Base: 65.0  Method: Integration

The weather station in use is the Davis Vantage Pro 2, and these pages are updated every minute. The meteorological day used at this station ends at midnight.
Never base any important decisions using the data provided by this weather station website