Select a Year or Month report
2017: Jan Feb Mar Apr May Jun Jul Aug Sep Oct Nov Dec
2016: Jan Feb Mar Apr May Jun Jul Aug Sep Oct Nov Dec

Report for 2017 July
                   Monthly Climatological Summary for Jul 2017

Name: Liberty Weather   City: Youngstown   State: Ohio
Elevation: 1090 ft  Lat: N 41 08 38   Lon: W 080 39 12

                  Temperature (°F), Rain (in), Wind Speed (mph)

                                      Heat  Cool        Avg
    Mean                              Deg   Deg         Wind                 Dom
Day Temp  High   Time   Low    Time   Days  Days  Rain  Speed High   Time    Dir
----------------------------------------------------------------------------------
01  73.1  80.2   14:49  67.1   00:00   0.0   8.1  0.38   1.3  12.0   13:03   SSW
02  74.3  83.6   14:00  64.8   05:58   0.0   9.3  0.00   1.2  14.0   16:30    SW
03  72.9  82.8   15:46  64.8   06:15   0.0   7.9  0.00   1.2  11.0   18:00   NNW
04  71.9  82.7   15:16  62.5   06:36   0.2   7.1  0.00   1.4  13.0   19:38     N
05  72.7  86.1   14:30  57.7   06:24   1.2   8.9  0.00   0.8   9.0   17:50   NNW
06  73.4  81.6   14:59  65.4   06:25   0.0   8.4  0.00   0.5   8.0   19:24    SW
07  71.3  81.9   13:46  62.5   05:46   0.2   6.5  0.01   1.6  15.0   09:08    SW
08  71.4  78.2   13:48  60.7   23:54   0.2   3.8  0.00   3.1  17.0   16:48    NW
09  67.7  78.8   14:47  54.0   05:49   2.9   5.6  0.00   1.0   9.0   14:30   SSW
10  66.2  73.1   14:28  60.4   04:22   0.7   1.9  0.45   1.5  10.0   12:40   SSW
11  72.4  84.3   14:55  65.1   00:09   0.0   7.4  0.40   1.3  17.0   17:34   SSW
12  76.3  85.9   15:53  69.4   02:29   0.0  11.3  0.01   1.8  12.0   19:04   SSW
13  75.7  79.4   17:26  72.4   07:29   0.0  10.7  0.25   1.8  17.0   13:38   SSW
14  76.7  84.2   14:40  71.7   23:58   0.0  11.7  0.00   1.6  13.0   10:14    NW
15  69.5  76.1   15:55  63.6   23:59   0.0   4.6  0.00   1.6  11.0   12:02    NW
16  70.7  81.3   15:00  58.2   06:10   1.6   7.3  0.00   0.9   9.0   14:10   SSW
17  72.7  81.8   15:00  65.9   23:57   0.0   7.7  0.00   1.7  10.0   14:51   NNW
18  73.1  85.1   14:44  59.7   06:23   0.9   8.9  0.00   0.8  13.0   16:25    NW
19  78.5  89.5   14:16  67.9   06:16   0.0  13.6  0.00   0.8  11.0   17:40   WNW
20  77.5  89.1   14:27  68.5   06:29   0.0  12.5  0.15   1.2  22.0   14:49   WSW
21  79.1  89.6   15:20  70.3   06:41   0.0  14.1  0.00   0.8  12.0   19:48   NNW
22  73.4  78.6   18:59  69.0   05:16   0.0   8.4  0.13   0.9   9.0   09:46   SSW
23  76.2  84.5   15:08  69.8   22:25   0.0  11.2  0.25   1.1  12.0   16:56   SSW
24  69.2  75.1   12:53  64.3   23:42   0.0   4.2  0.01   2.7  21.0   15:35    NW
25  66.8  76.1   15:10  60.3   23:57   1.1   2.9  0.00   2.0  11.0   00:03   NNW
----------------------------------------------------------------------------------
    72.9  89.6    21    54.0     9     9.0 204.0  2.04   1.4  22.0    20       W

Max >=  27.0 25
Max <=   0.0  0
Min <=   0.0  0
Min <= -18.0  0
Max Rain: 0.45 on day 10
Days of Rain: 5 (>= 0.20 in)  0 (>= 2.00 in)  0 (>= 20.00 in)
Heat Base: 65.0  Cool Base: 65.0  Method: Integration

The weather station in use is the Davis Vantage Pro 2, and these pages are updated every minute. The meteorological day used at this station ends at midnight.
Never base any important decisions using the data provided by this weather station website