Select a Year or Month report
2017: Jan Feb Mar Apr May Jun Jul Aug Sep Oct Nov Dec
2016: Jan Feb Mar Apr May Jun Jul Aug Sep Oct Nov Dec

Report for 2017
                   Annual Climatological Summary for 2017

Name: Liberty Weather   City: Youngstown   State: Ohio
Elevation: 1090 ft  Lat: N 41 08 38   Lon: W 080 39 11

                  Temperature (°F), Heat Base: 65.0  Cool Base: 65.0
                          Dep.  Heat  Cool                       Max  Max  Min  Min
        Mean  Mean        From  Deg   Deg                        >=   <=   <=   <=
 YR MO  Max   Min   Mean  Norm  Days  Days  Hi  Date  Low  Date 27.0  0.0  0.0 -18.0
------------------------------------------------------------------------------------
 17  1  40.2  26.7  33.5   7.7   976     0  61.8  12   3.1    7   26    0    0    0
 17  2  48.6  30.6  39.5  11.1   718     4  75.4  24  14.3   10   26    0    0    0
 17  3  46.1  30.3  38.3   1.6   828     2  72.8  24  14.9   14   27    0    0    0
 17  4  66.5  45.2  56.0   7.5   310    41  85.0  30  28.4    8   30    0    0    0
 17  5  67.9  49.6  58.4   0.6   260    57  85.1  17  32.8    9   31    0    0    0
 17  6  78.7  59.7  69.0   2.6    64   183  92.0  13  49.0    9   30    0    0    0
 17  7  82.0  63.8  72.5   2.0    16   246  89.6  21  54.0    9   31    0    0    0
 17  8  78.9  57.4  68.4  -0.7    52   153  88.7  21   0.0   15   31    0    1    0
 17  9  76.3  49.4  65.2   3.3   123   110  90.5  24   0.0   19   29    0    3    0
 17 10  72.7  54.5  63.1  60.3    69    38  80.0   4  38.2    1   16    0    0    0
 17 11
 17 12
------------------------------------------------------------------------------------
        65.8  46.7  56.4   9.6  3414   834  92.0 Jun   0.0  Aug  277    0    4    0

                                Precipitation (in)

              Dep.   Max        Days of Rain
              From   Obs.           >=
 YR MO Total  Norm   Day Date 0.20 2.0020.00
---------------------------------------------
 17  1  4.38  1.83  1.45  12     7    0    0
 17  2  2.02 -0.13  0.82   7     4    0    0
 17  3  3.98  1.04  1.28  31     6    0    0
 17  4  3.26 -0.10  0.49   6     7    0    0
 17  5  3.60 -0.19  0.63   1     7    0    0
 17  6  5.91  2.03  1.71  18     7    0    0
 17  7  2.04 -2.27  0.45  10     5    0    0
 17  8  1.96 -1.28  0.68  22     4    0    0
 17  9  1.11 -2.64  0.57   5     1    0    0
 17 10  1.47 -1.28  0.58   8     3    0    0
---------------------------------------------
       29.73 -2.99  1.71  Jun   51    0    0

                                Wind Speed (mph)
                          Dom
 YR MO   Avg.  Hi   Date  Dir
------------------------------
 17  1   2.3  29.0   10   WSW
 17  2   2.9  33.0   13   WSW
 17  3   3.2  33.0    8     W
 17  4   2.4  31.0   16    SW
 17  5   2.0  32.0    1     W
 17  6   1.8  21.0    2    SW
 17  7   1.4  22.0   20   WNW
 17  8   1.3  20.0    4   WSW
 17  9   1.0  19.0    5     W
 17 10   1.3  23.0   15    SW
 17 11
 17 12
------------------------------
         2.0  33.0  Feb   WSW

The weather station in use is the Davis Vantage Pro 2, and these pages are updated every minute. The meteorological day used at this station ends at midnight.
Never base any important decisions using the data provided by this weather station website