Select a Year or Month report
2018: Jan Feb Mar Apr May Jun Jul Aug Sep Oct Nov Dec
2017: Jan Feb Mar Apr May Jun Jul Aug Sep Oct Nov Dec
2016: Jan Feb Mar Apr May Jun Jul Aug Sep Oct Nov Dec

Report for 2017 April
                   Monthly Climatological Summary for Apr 2017

Name: Liberty Weather   City: Youngstown   State: Ohio
Elevation: 1090 ft  Lat: N 41 08 38   Lon: W 080 39 12

                  Temperature (°F), Rain (in), Wind Speed (mph)

                                      Heat  Cool        Avg
    Mean                              Deg   Deg         Wind                 Dom
Day Temp  High   Time   Low    Time   Days  Days  Rain  Speed High   Time    Dir
----------------------------------------------------------------------------------
01  38.6  40.5   00:07  35.5   22:38  26.5   0.0  0.02   3.0  14.0   00:10    NW
02  45.7  58.7   14:59  31.0   06:48  19.3   0.0  0.01   1.2  10.0   15:06   SSW
03  56.4  69.4   13:49  44.7   05:01   9.0   0.4  0.21   2.2  13.0   19:34    SE
04  56.1  61.1   13:45  47.6   23:43   8.9   0.0  0.06   4.1  25.0   16:15   WSW
05  53.1  65.8   17:50  40.4   06:11  12.0   0.1  0.00   2.4  15.0   17:48   ESE
06  49.3  63.2   00:02  34.1   23:24  15.7   0.0  0.49   3.1  18.0   23:49    SW
07  34.1  40.2   17:54  30.8   23:26  30.9   0.0  0.09   5.5  24.0   18:38    NW
08  42.4  56.1   14:24  28.4   06:00  22.5   0.0  0.00   1.5  14.0   10:01   WNW
09  54.7  72.3   17:28  34.2   04:51  11.9   1.5  0.00   2.6  15.0   12:15     S
10  68.4  78.0   16:42  59.1   06:35   1.7   5.1  0.00   4.1  21.0   11:14   SSW
11  60.4  66.1   00:00  51.7   23:56   4.6   0.0  0.20   2.4  15.0   14:15    SW
12  51.3  61.1   16:00  44.9   23:57  13.7   0.0  0.00   2.9  14.0   15:55    NW
13  48.9  58.0   17:56  38.7   06:22  16.1   0.0  0.00   0.9  13.0   13:42   ENE
14  58.3  70.9   15:34  44.5   07:07   8.0   1.3  0.00   1.1   9.0   13:54   ENE
15  63.7  75.7   17:51  49.2   06:10   5.0   3.7  0.00   2.1  17.0   15:03   SSW
16  68.8  76.0   14:32  62.9   15:46   0.1   4.0  0.45   4.2  31.0   10:57    SW
17  58.2  66.3   14:58  48.6   07:22   6.9   0.0  0.00   2.6  18.0   03:25   NNW
18  57.0  70.0   14:42  41.3   06:28   9.0   1.1  0.00   1.4   9.0   00:08   SSE
19  64.9  73.2   16:56  60.0   00:39   2.2   2.1  0.37   3.3  17.0   12:35   SSW
20  67.1  79.5   15:43  57.8   05:04   2.3   4.4  0.16   2.3  16.0   14:04   SSW
21  57.4  63.4   00:07  47.6   23:45   7.6   0.0  0.07   0.9  18.0   14:01   WNW
22  46.7  52.5   15:13  40.6   07:01  18.3   0.0  0.00  ----  14.0   13:59     N
23  52.9  68.6   14:54  35.0   06:42  12.7   0.7  0.00  ----  10.0   14:42   ENE
24  57.6  72.0   14:39  41.6   06:34   8.6   1.2  0.00  ----  15.0   13:40    SE
25  58.8  69.8   14:17  51.1   09:03   6.7   0.5  0.04  ----  10.0   00:19    SE
26  64.6  78.1   17:10  50.1   06:45   4.9   4.5  0.00  ----  17.0   15:42     S
27  67.5  79.2   13:32  55.9   23:59   1.6   4.1  0.16  ----  19.0   12:30     S
28  57.2  66.5   15:07  46.2   05:03   8.0   0.1  0.37  ----  11.0   12:47   SSW
29  54.4  58.2   14:39  50.6   20:30  10.6   0.0  0.41  ----  13.0   14:52     N
30  66.5  85.0   15:03  50.6   00:56   4.5   6.1  0.15  ----  19.0   14:20   SSW
----------------------------------------------------------------------------------
    56.0  85.0    30    28.4     8   309.8  40.9  3.26   2.6  31.0    16      SW

Max >=  27.0 30
Max <=   0.0  0
Min <=   0.0  0
Min <= -18.0  0
Max Rain: 0.49 on day 6
Days of Rain: 7 (>= 0.20 in)  0 (>= 2.00 in)  0 (>= 20.00 in)
Heat Base: 65.0  Cool Base: 65.0  Method: Integration

The weather station in use is the Davis Vantage Pro 2, and these pages are updated every minute. The meteorological day used at this station ends at midnight.
Never base any important decisions using the data provided by this weather station website