Select a Year or Month report
2018: Jan Feb Mar Apr May Jun Jul Aug Sep Oct Nov Dec
2017: Jan Feb Mar Apr May Jun Jul Aug Sep Oct Nov Dec
2016: Jan Feb Mar Apr May Jun Jul Aug Sep Oct Nov Dec

Report for 2017 May
                   Monthly Climatological Summary for May 2017

Name: Liberty Weather   City: Youngstown   State: Ohio
Elevation: 1090 ft  Lat: N 41 08 38   Lon: W 080 39 12

                  Temperature (°F), Rain (in), Wind Speed (mph)

                                      Heat  Cool        Avg
    Mean                              Deg   Deg         Wind                 Dom
Day Temp  High   Time   Low    Time   Days  Days  Rain  Speed High   Time    Dir
----------------------------------------------------------------------------------
01  66.8  74.0   02:36  55.1   23:58   1.1   2.9  0.63   3.1  32.0   13:55   SSW
02  50.4  55.1   00:00  47.3   23:55  14.6   0.0  0.00   3.6  24.0   11:30    SW
03  48.8  57.1   14:36  42.0   05:35  16.2   0.0  0.02   2.3  16.0   01:02    NW
04  51.0  58.5   19:43  45.8   02:50  14.0   0.0  0.12   1.3  12.0   22:50   ESE
05  51.2  55.6   13:55  44.9   23:46  13.8   0.0  0.18   2.3  21.0   23:48   NNW
06  43.1  46.6   14:23  41.0   21:06  21.9   0.0  0.07   4.7  24.0   19:05    NW
07  45.6  54.4   14:52  39.1   23:07  19.4   0.0  0.06   3.6  21.0   12:34    NW
08  43.7  54.4   14:11  33.2   06:35  21.3   0.0  0.03   2.1  17.0   13:10    NW
09  48.8  64.4   15:16  32.8   06:58  16.1   0.0  0.03   1.3  12.0   19:14   WNW
10  56.3  67.7   15:47  45.1   06:41   9.0   0.3  0.02   1.1  10.0   15:18     N
11  54.8  63.5   15:20  48.3   07:11  10.2   0.0  0.02   1.3  13.0   12:08    NE
12  54.0  59.3   15:04  50.4   05:05  11.0   0.0  0.01   0.7   8.0   00:41   SSE
13  56.0  67.6   14:58  43.2   05:54   9.2   0.2  0.01   1.6  16.0   12:37   NNW
14  55.3  66.7   14:33  47.1   06:35   9.8   0.1  0.01   2.7  23.0   17:39    NW
15  54.6  68.9   14:43  39.5   06:22  10.9   0.5  0.00   2.3  16.0   10:07   NNW
16  64.4  82.4   17:40  43.0   05:14   7.4   6.8  0.01   1.6  12.0   12:59   SSW
17  75.5  85.1   15:14  62.6   06:06   0.3  10.7  0.00   2.5  16.0   11:34   SSW
18  76.0  83.7   15:39  66.5   04:28   0.0  11.0  0.00   3.2  21.0   14:49   SSW
19  63.0  74.4   00:00  52.2   23:53   3.5   1.5  0.24   2.1  14.0   17:38   NNW
20  59.6  71.2   15:26  51.9   01:00   6.4   1.1  0.04   1.3   9.0   15:10    NW
21  64.6  73.4   12:46  57.8   01:40   2.2   1.9  0.39   2.2  12.0   10:02     S
22  61.1  66.2   00:27  54.5   23:54   4.0   0.1  0.25   2.0  17.0   14:23     W
23  61.3  73.3   15:16  48.2   05:41   6.0   2.3  0.00   0.9  12.0   16:05   SSW
24  60.6  66.6   14:00  56.2   06:47   4.5   0.1  0.24   1.2  14.0   15:18   SSW
25  58.8  67.9   15:23  55.7   23:09   6.4   0.1  0.56   1.5  12.0   15:58   WSW
26  58.6  64.5   13:52  53.7   23:56   6.4   0.0  0.15   2.1  16.0   10:57    NW
27  62.5  72.8   15:58  52.8   01:29   4.9   2.4  0.07   0.6   8.0   13:44   NNW
28  65.6  78.1   18:28  54.5   05:06   3.5   4.1  0.31   1.5  14.0   18:52   SSW
29  67.2  77.3   14:30  59.6   06:56   1.7   3.9  0.05   2.0  24.0   18:47   SSW
30  67.5  77.8   15:13  58.0   05:52   1.7   4.3  0.05   1.8  21.0   16:01   SSW
31  65.1  75.4   14:33  54.6   05:03   3.0   3.1  0.03   1.6  17.0   13:16   SSW
----------------------------------------------------------------------------------
    58.4  85.1    17    32.8     9   260.4  57.4  3.60   2.0  32.0     1       W

Max >=  27.0 31
Max <=   0.0  0
Min <=   0.0  0
Min <= -18.0  0
Max Rain: 0.63 on day 1
Days of Rain: 7 (>= 0.20 in)  0 (>= 2.00 in)  0 (>= 20.00 in)
Heat Base: 65.0  Cool Base: 65.0  Method: Integration

The weather station in use is the Davis Vantage Pro 2, and these pages are updated every minute. The meteorological day used at this station ends at midnight.
Never base any important decisions using the data provided by this weather station website