Select a Year or Month report
2018: Jan Feb Mar Apr May Jun Jul Aug Sep Oct Nov Dec
2017: Jan Feb Mar Apr May Jun Jul Aug Sep Oct Nov Dec
2016: Jan Feb Mar Apr May Jun Jul Aug Sep Oct Nov Dec

Report for 2017 August
                   Monthly Climatological Summary for Aug 2017

Name: Liberty Weather   City: Youngstown   State: Ohio
Elevation: 1090 ft  Lat: N 41 08 38   Lon: W 080 39 11

                  Temperature (°F), Rain (in), Wind Speed (mph)

                                      Heat  Cool        Avg
    Mean                              Deg   Deg         Wind                 Dom
Day Temp  High   Time   Low    Time   Days  Days  Rain  Speed High   Time    Dir
----------------------------------------------------------------------------------
01  72.9  85.5   13:45  60.3   06:36   0.8   8.7  0.00   0.5   8.0   12:47    NW
02  71.0  82.5   12:15  62.4   06:42   0.2   6.2  0.05   0.5  14.0   13:17   SSW
03  73.5  83.6   15:37  63.8   05:22   0.1   8.7  0.00   1.5  13.0   18:30   SSW
04  71.0  83.0   13:49  58.4   23:25   0.6   6.6  0.54   2.5  20.0   15:24   SSW
05  64.5  74.4   15:22  57.3   04:25   2.9   2.4  0.00   1.8  15.0   11:16     W
06  64.4  78.0   14:16  55.1   06:34   3.3   2.7  0.34   0.5   9.0   12:30    SW
07  66.6  75.1   15:34  60.1   06:16   1.5   3.0  0.00   0.6   9.0   19:20   NNW
08  66.3  76.3   15:25  57.6   07:12   2.0   3.2  0.00   2.1  15.0   10:56   NNW
09  67.7  81.8   14:38  54.4   06:37   3.1   5.8  0.00   0.5   7.0   11:27   SSW
10  67.2  75.7   12:17  57.2   06:48   1.9   4.2  0.04   1.1  10.0   17:18   SSW
11  69.7  78.0   13:59  66.2   23:57   0.0   4.7  0.30   1.7  10.0   19:04   SSW
12  69.0  77.8   13:36  62.0   05:52   0.5   4.5  0.00   1.5  14.0   15:23    NW
13  67.3  78.9   15:21  57.8   06:54   1.9   4.3  0.00   1.0   8.0   09:43   NNW
14  61.8  72.6   11:26  58.9   06:51   1.8   0.3  0.00   0.1   4.0   10:17     W
15  75.8  83.1   17:33  63.5   16:41   0.0   3.3  0.00   1.6  11.0   19:03   NNW
16  71.5  83.6   14:20  61.2   07:05   0.6   7.1  0.00   1.1  13.0   16:32   NNW
17  74.1  85.8   14:46  63.2   06:30   0.3   9.4  0.01   2.0  16.0   18:00   SSW
18  76.4  85.4   13:33  67.9   23:47   0.0  11.4  0.00   2.0  17.0   15:55    SW
19  69.8  80.3   13:34  62.9   06:21   0.3   5.1  0.00   1.3  12.0   12:42   WSW
20  70.4  84.1   14:43  56.7   07:12   2.1   7.6  0.00   0.7   7.0   13:44   SSW
21  76.8  88.7   13:21  67.6   04:33   0.0  11.8  0.00   1.3  12.0   13:31   SSW
22  75.2  83.4   11:55  66.5   23:42   0.0  10.2  0.68   2.0  18.0   21:15   SSW
23  67.1  74.8   13:55  59.9   23:57   1.0   3.1  0.00   1.2  15.0   17:47    NW
24  62.0  69.8   13:41  56.8   03:49   3.6   0.6  0.00   1.3  14.0   16:28     N
25  61.1  70.8   13:11  52.2   07:15   5.1   1.2  0.00   1.4  15.0   15:19   NNW
26  60.3  72.5   14:17  47.8   07:00   6.6   1.9  0.00   1.0  11.0   12:39     N
27  64.6  76.2   15:13  51.7   07:09   4.1   3.7  0.00   0.7   8.0   12:00   WSW
28  66.9  75.7   14:54  60.0   07:03   1.3   3.1  0.00   1.4  12.0   13:46   SSW
29  65.6  74.8   14:07  60.6   06:24   1.5   2.1  0.00   0.7   9.0   09:15    SW
30  66.9  78.5   13:47  56.9   06:31   2.4   4.4  0.00   0.6   8.0   13:48   WSW
31  64.2  73.7   13:35  55.2   23:59   2.6   1.8  0.00   1.9  15.0   16:47   NNW
----------------------------------------------------------------------------------
    68.4  88.7    21     0.0    15    52.1 153.1  1.96   1.3  20.0     4     WSW

Max >=  27.0 31
Max <=   0.0  0
Min <=   0.0  1
Min <= -18.0  0
Max Rain: 0.68 on day 22
Days of Rain: 4 (>= 0.20 in)  0 (>= 2.00 in)  0 (>= 20.00 in)
Heat Base: 65.0  Cool Base: 65.0  Method: Integration

The weather station in use is the Davis Vantage Pro 2, and these pages are updated every minute. The meteorological day used at this station ends at midnight.
Never base any important decisions using the data provided by this weather station website