Select a Year or Month report
2018: Jan Feb Mar Apr May Jun Jul Aug Sep Oct Nov Dec
2017: Jan Feb Mar Apr May Jun Jul Aug Sep Oct Nov Dec
2016: Jan Feb Mar Apr May Jun Jul Aug Sep Oct Nov Dec

Report for 2017 September
                   Monthly Climatological Summary for Sep 2017

Name: Liberty Weather   City: Youngstown   State: Ohio
Elevation: 1090 ft  Lat: N 41 08 38   Lon: W 080 39 11

                  Temperature (°F), Rain (in), Wind Speed (mph)

                                      Heat  Cool        Avg
    Mean                              Deg   Deg         Wind                 Dom
Day Temp  High   Time   Low    Time   Days  Days  Rain  Speed High   Time    Dir
----------------------------------------------------------------------------------
01  56.9  65.0   16:11  49.6   07:25   8.1   0.0  0.00   1.2  12.0   11:18   NNW
02  57.0  62.4   15:36  52.9   02:40   8.0   0.0  0.08   1.2  12.0   09:41    SW
03  62.5  71.3   18:04  56.9   00:00   3.8   1.3  0.10   1.4  14.0   14:58   WSW
04  69.6  80.8   15:37  56.1   01:01   2.7   7.3  0.00   3.1  17.0   15:43   SSW
05  64.1  75.1   00:00  56.6   23:56   2.0   1.1  0.57   1.1  19.0   16:33   WNW
06  57.9  69.9   14:45  49.7   07:28   7.6   0.5  0.18   0.8  16.0   20:01    NW
07  55.1  64.8   16:12  48.4   07:07   9.9   0.0  0.10   1.3  18.0   19:09   SSW
08  56.1  65.0   14:10  49.6   07:31   8.9   0.0  0.00   1.6  15.0   16:15    NW
09  55.0  66.2   14:41  47.0   07:43  10.0   0.0  0.00   1.4  12.0   18:25     N
10  54.9  68.6   14:21  42.4   06:23  10.5   0.5  0.00   0.7  11.0   13:56    NW
11  58.9  71.6   15:55  47.1   06:38   7.6   1.6  0.00   0.5   8.0   15:20   WSW
12  62.4  75.5   14:39  49.6   05:32   5.3   2.7  0.00   0.6  10.0   14:08    SW
13  67.9  78.7   15:28  58.0   07:19   2.0   4.9  0.00   0.9   8.0   13:38   SSW
14  63.5  69.3   17:59  59.2   23:55   2.3   0.8  0.05   0.6   8.0   00:46   SSW
15  64.1  75.0   17:15  53.8   07:11   3.9   3.0  0.00   0.3   7.0   13:49    SW
16  68.2  80.5   14:12  57.3   07:08   2.3   5.4  0.00   0.4   6.0   10:45    NW
17  70.2  81.6   14:11  60.7   07:23   0.9   6.1  0.00   0.4   8.0   16:01    SW
19  71.0  83.1   13:24  60.2   07:24   1.0   6.3  0.00  ----   5.0   13:32     W
20  72.3  77.9   18:49  57.4   18:49   0.0   1.6  0.00   0.1   3.0   20:21     N
21  72.8  85.7   13:37  61.7   07:24   0.5   8.4  0.00   0.5   7.0   16:03    NW
22  71.2  85.0   14:22  60.4   07:23   0.8   7.0  0.00   0.5   9.0   14:26   NNW
23  72.3  88.4   14:05  58.3   07:35   1.5   8.8  0.00   0.7  13.0   16:00     N
24  74.7  90.5   14:20  61.2   07:26   0.6  10.3  0.00   0.5   8.0   13:35   WNW
25  75.5  87.7   14:24  65.7   07:27   0.0  10.5  0.00   0.5   8.0   13:14   SSW
26  75.8  90.2   14:15  63.4   07:50   0.1  10.9  0.00   0.5   7.0   13:15    SW
28  74.0  89.7   13:34  62.6   07:40   0.3   9.0  0.00  ----  14.0   17:53    NW
29  55.9  69.9   14:31  50.1   00:11   9.4   0.4  0.03   1.8  18.0   18:14     W
30  52.2  61.0   14:02  45.3   07:51  12.8   0.0  0.00   2.2  16.0   11:42   NNW
----------------------------------------------------------------------------------
    64.7  90.5    24     0.0    20   122.8 108.4  1.11   1.0  19.0     5       W

Max >=  27.0 28
Max <=   0.0  0
Min <=   0.0  2
Min <= -18.0  0
Max Rain: 0.57 on day 5
Days of Rain: 1 (>= 0.20 in)  0 (>= 2.00 in)  0 (>= 20.00 in)
Heat Base: 65.0  Cool Base: 65.0  Method: Integration

The weather station in use is the Davis Vantage Pro 2, and these pages are updated every minute. The meteorological day used at this station ends at midnight.
Never base any important decisions using the data provided by this weather station website