Select a Year or Month report
2018: Jan Feb Mar Apr May Jun Jul Aug Sep Oct Nov Dec
2017: Jan Feb Mar Apr May Jun Jul Aug Sep Oct Nov Dec
2016: Jan Feb Mar Apr May Jun Jul Aug Sep Oct Nov Dec

Report for 2017 October
                   Monthly Climatological Summary for Oct 2017

Name: Liberty Weather   City: Youngstown   State: Ohio
Elevation: 1090 ft  Lat: N 41 08 38   Lon: W 080 39 11

                  Temperature (°F), Rain (in), Wind Speed (mph)

                                      Heat  Cool        Avg
    Mean                              Deg   Deg         Wind                 Dom
Day Temp  High   Time   Low    Time   Days  Days  Rain  Speed High   Time    Dir
----------------------------------------------------------------------------------
01  51.7  67.3   16:35  38.2   07:31  13.6   0.3  0.00   0.6  11.0   13:27    SW
02  56.8  76.0   14:42  39.9   07:30  10.7   2.4  0.00   0.6  10.0   14:45   SSW
03  62.2  79.0   14:46  45.8   06:53   6.7   4.0  0.00   1.1  11.0   12:53   SSW
04  68.0  80.0   14:48  54.8   06:55   2.7   5.7  0.00   1.4  10.0   13:18   SSW
05  65.9  73.0   00:00  62.1   08:36   0.6   1.5  0.06   1.2   8.0   04:45    SW
06  64.7  66.3   18:11  63.5   07:39   0.6   0.3  0.09   0.9   8.0   14:29   SSW
07  70.5  80.0   17:22  62.0   07:19   0.8   6.3  0.00   2.3  17.0   13:52   SSW
08  67.4  76.2   00:00  63.1   07:54   0.3   2.6  0.58   1.8  18.0   05:53   SSW
09  68.7  73.5   13:24  63.6   23:59   0.0   3.8  0.29   1.2  11.0   09:40   WNW
10  66.2  75.8   14:25  60.8   02:26   1.3   2.5  0.00   0.3   6.0   12:23     W
11  62.8  67.3   16:48  59.4   07:58   2.4   0.2  0.11   0.4   8.0   17:24   NNW
12  61.3  66.1   15:17  57.7   05:15   3.8   0.1  0.02   0.8   9.0   20:22    SW
13  63.2  72.9   16:19  56.2   05:11   3.6   1.8  0.00   0.9   9.0   11:58   SSW
14  64.4  76.0   15:53  52.1   07:28   4.4   3.8  0.00   1.0   8.0   13:41   SSW
15  66.4  76.1   14:19  54.0   23:59   1.7   3.1  0.24   4.0  23.0   22:15    SW
16  49.4  57.6   13:43  39.4   23:56  15.6   0.0  0.08   2.5  17.0   16:11    NW
17  49.5  63.1   14:19  35.8   06:32  15.5   0.0  0.00   1.5  12.0   13:58   SSW
18  55.4  68.8   16:29  40.9   08:01  10.2   0.6  0.00   1.4  11.0   12:16   SSW
19  58.7  71.0   16:12  46.0   07:16   7.5   1.3  0.00   2.2  14.0   16:26   SSW
20  57.0  70.8   13:48  46.6   07:29   8.8   1.0  0.00  ----   6.0   14:03   SSW
21  57.1  72.7   15:55  42.8   06:55   9.4   1.5  0.00  ----   8.0   14:22   SSW
22  61.6  76.3   14:15  49.0   07:17   5.9   2.5  0.00  ----  10.0   14:16   SSW
23  60.6  66.5   13:10  55.1   22:46   4.5   0.1  0.54  ----  23.0   18:34     S
24  50.4  57.1   01:34  45.1   23:56  14.6   0.0  0.06  ----  22.0   01:30   SSW
25  44.0  46.4   15:49  39.1   23:52  21.0   0.0  0.00  ----  10.0   10:38   SSW
26  42.6  52.8   17:13  34.1   07:20  22.4   0.0  0.00  ----   8.0   16:14   SSW
27  53.8  69.2   15:56  37.7   04:31  11.8   0.7  0.00  ----  17.0   15:03     S
28  44.1  60.8   00:14  37.8   23:54  20.9   0.0  0.12  ----  10.0   11:04    NW
29  39.7  43.7   14:44  35.0   04:21  25.3   0.0  0.09  ----  13.0   21:53    NW
30  40.3  43.1   14:16  37.3   08:40  24.7   0.0  0.06  ----  16.0   10:28   SSW
31  38.2  40.7   14:52  33.5   23:55  26.8   0.0  0.00  ----  13.0   11:17   SSW
----------------------------------------------------------------------------------
    56.9  80.0     4    33.5    31   298.1  46.1  2.34   1.4  23.0    15      SW

Max >=  27.0 31
Max <=   0.0  0
Min <=   0.0  0
Min <= -18.0  0
Max Rain: 0.58 on day 8
Days of Rain: 4 (>= 0.20 in)  0 (>= 2.00 in)  0 (>= 20.00 in)
Heat Base: 65.0  Cool Base: 65.0  Method: Integration

The weather station in use is the Davis Vantage Pro 2, and these pages are updated every minute. The meteorological day used at this station ends at midnight.
Never base any important decisions using the data provided by this weather station website