Select a Year or Month report
2018: Jan Feb Mar Apr May Jun Jul Aug Sep Oct Nov Dec
2017: Jan Feb Mar Apr May Jun Jul Aug Sep Oct Nov Dec
2016: Jan Feb Mar Apr May Jun Jul Aug Sep Oct Nov Dec

Report for 2017 November
                   Monthly Climatological Summary for Nov 2017

Name: Liberty Weather   City: Youngstown   State: Ohio
Elevation: 1090 ft  Lat: N 41 08 38   Lon: W 080 39 11

                  Temperature (°F), Rain (in), Wind Speed (mph)

                                      Heat  Cool        Avg
    Mean                              Deg   Deg         Wind                 Dom
Day Temp  High   Time   Low    Time   Days  Days  Rain  Speed High   Time    Dir
----------------------------------------------------------------------------------
01  38.5  47.2   23:57  30.6   01:43  26.5   0.0  0.44   0.3   6.0   12:06   SSW
02  58.3  64.4   23:59  47.2   00:00   6.7   0.0  0.10   3.4  15.0   05:48   SSW
03  54.0  65.3   00:21  41.1   23:53  11.0   0.0  0.11   3.0  15.0   07:18    NW
04  47.3  57.2   14:35  35.1   06:35  17.7   0.0  0.00   1.0  10.0   13:12   SSW
05  58.7  66.3   17:50  52.2   02:05   6.9   0.1  0.65   2.4  28.0   18:59     S
06  47.9  59.7   00:00  37.7   21:28  17.2   0.0  0.19  ----  16.0   10:56   NNW
07  39.0  42.9   13:37  34.4   23:58  26.0   0.0  0.00  ----  11.0   14:05     N
08  37.5  49.7   13:30  28.6   07:06  27.5   0.0  0.00  ----   8.0   13:20   NNW
09  40.0  52.7   13:07  27.3   05:53  25.0   0.0  0.00  ----  26.0   22:20   WSW
10  25.5  35.8   00:00  17.2   23:16  39.5   0.0  0.00  ----  21.0   02:22   NNW
11  25.0  35.2   15:58  15.1   06:36  40.0   0.0  0.00  ----   8.0   11:15   SSE
12  34.8  44.7   15:24  25.7   00:26  30.2   0.0  0.01  ----   5.0   11:05     S
13  37.8  42.0   13:14  34.9   04:00  27.2   0.0  0.09  ----  10.0   13:57    NW
14  37.5  42.3   14:31  30.4   23:54  27.5   0.0  0.00  ----   6.0   12:49    SW
15  37.8  46.7   23:59  27.4   06:59  27.2   0.0  0.09  ----  18.0   20:59     S
16  40.5  47.1   01:14  37.0   16:36  24.5   0.0  0.03  ----  18.0   10:30   WSW
17  37.9  42.8   14:19  35.4   07:58  27.1   0.0  0.00  ----  11.0   00:19   SSW
18  44.6  55.8   20:39  36.0   00:00  20.4   0.0  1.65  ----  29.0   23:40     S
19  35.9  41.4   00:00  31.9   23:58  29.1   0.0  0.06  ----  31.0   00:24   WNW
20  35.6  43.0   15:21  28.6   06:46  29.4   0.0  0.00  ----  16.0   00:41   SSW
21  45.2  55.1   14:00  36.4   06:57  19.8   0.0  0.00  ----  22.0   12:29   SSW
22  33.4  43.6   00:00  30.5   23:36  31.6   0.0  0.09  ----  14.0   00:12    NW
23  33.2  39.6   14:09  26.8   05:38  31.8   0.0  0.00  ----  10.0   12:48   SSW
24  40.6  52.8   15:09  29.4   06:43  24.4   0.0  0.00  ----  15.0   12:24     S
25  48.3  52.2   13:32  41.5   23:54  16.7   0.0  0.00  ----  18.0   16:33     W
26  37.3  44.0   13:32  33.0   07:40  27.7   0.0  0.00  ----  15.0   00:31     W
27  41.9  53.1   13:57  33.4   07:41  23.1   0.0  0.00  ----   9.0   13:46    SW
28  51.7  64.5   14:41  40.1   04:39  13.3   0.0  0.00  ----  19.0   14:52   SSW
29  46.7  55.2   00:24  31.7   23:40  18.3   0.0  0.00  ----  14.0   05:43    NW
30  42.0  58.4   12:44  31.8   00:00  23.0   0.0  0.11  ----  15.0   13:30   SSW
----------------------------------------------------------------------------------
    41.1  66.3     5    15.1    11   716.3   0.1  3.62   1.9  31.0    19     SSW

Max >=  27.0 30
Max <=   0.0  0
Min <=   0.0  0
Min <= -18.0  0
Max Rain: 1.65 on day 18
Days of Rain: 3 (>= 0.20 in)  0 (>= 2.00 in)  0 (>= 20.00 in)
Heat Base: 65.0  Cool Base: 65.0  Method: Integration

The weather station in use is the Davis Vantage Pro 2, and these pages are updated every minute. The meteorological day used at this station ends at midnight.
Never base any important decisions using the data provided by this weather station website